16.
2, 73
Suppose -4*s = -3*p - 38, 3*s = -s - 4. Let i = p + 57. List the prime factors of i.
43
Let f(b) = -2*b - 25. Let m(r) = -3*r - 25. Let p(u) = -4*f(u) + 3*m(u). Let a = -189 - -189. List the prime factors of p(a).
5
Suppose 0 = q + 611 + 18. Let m = -414 - q. What are the prime factors of (m/5)/(2 + -1)?
43
Suppose -5 = o - 2. List the prime factors of -4*3*o/18.
2
Suppose -4*q - 6 = -q. Let a be q - -2 - 20/2. Let h(k) = -3*k - 9. What are the prime factors of h(a)?
3, 7
Suppose 4*z + 418 = -4*u + 1570, z = u - 292. Let t be (-16)/8*u/(-4). Suppose 0*w - 5*w = -t. List the prime factors of w.
29
Let v(g) = -3*g**3 + 10*g**2 - 5*g + 6. Let l be v(3). Suppose l = -4*p - 2*a + 828, 4*a + 394 = 6*p - 4*p. What are the prime factors of p?
5, 41
Let u = -13 - -27. Suppose 5*y = 10, -2*n + 4*n = -3*y + u. Suppose 0 = 3*f + 6, -3*f = -n*v + f + 52. What are the prime factors of v?
11
Suppose -l + 74 = -h, -2*l - 7*h + 2*h = -162. Let u = 113 - 53. Suppose -2*m + r = 3*m - l, -4*m = -r - u. List the prime factors of m.
2
Let a(t) = 14*t**2 + 3*t - 28. Let g be a(10). List the prime factors of -3 - (g/(-12) + 1/(-6)).
2, 3, 19
Let n(k) = k**3 - 5*k**2 + 5*k - 8. Let h be n(4). What are the prime factors of 1 + -1 - -7 - h?
11
Let z be ((-1668)/(-9))/(5*6/45). Suppose -2*y - 2*p = -z, 5*y - 3*p + 0*p - 735 = 0. What are the prime factors of y?
2, 3
Let t be 1/(-3)*-6 - -1. Suppose -n = -t*n + 52. What are the prime factors of n?
2, 13
Let s(m) = -m**2 - 6*m - 1. Let v be s(-4). Let q(u) = u**2. Let a(p) = p**3 - 10*p**2 - 4*p + 2. Let k(f) = -a(f) - 3*q(f). What are the prime factors of k(v)?
2, 13
Suppose -41*s - 2395 = -46*s. What are the prime factors of s?
479
Let l be (-2 - -8)/1 - 1. Suppose o + 3 = l. Suppose 11 - 1 = o*r. What are the prime factors of r?
5
Suppose 5*s + 66 = -184. Let m = s + 83. What are the prime factors of m?
3, 11
Suppose -8*y = -10704 + 3400. What are the prime factors of y?
11, 83
Suppose 5*w = -0*w + 15. Let z(a) = 2*a - w*a**2 + 9*a**2 - a**3 + 0*a**3 - 4. List the prime factors of z(6).
2
Let n(j) = -j**3 - j + 3. Let i be n(0). Suppose i*y + 11 = -28. Let o = y - -19. List the prime factors of o.
2, 3
Let t(x) = -500*x + 6. What are the prime factors of t(-1)?
2, 11, 23
Let x(j) = 6*j + 1291. List the prime factors of x(0).
1291
Let h = -231 - -407. List the prime factors of h.
2, 11
Let g(u) be the first derivative of u**4/2 + 2*u**3/3 + u**2/2 + u - 243. Let c(d) = 2*d - 2. Let n be c(2). What are the prime factors of g(n)?
3
Let l(c) = -2*c**3 - 7*c**2 - 28*c - 20. List the prime factors of l(-10).
2, 3, 5, 13
Suppose 0 = f - c - 2440, 4*f - 2*c = 8319 + 1437. What are the prime factors of f?
2, 23, 53
Let v = 13 + 158. Let j = 245 - v. What are the prime factors of j?
2, 37
Suppose -f + 383 = -g, -3*f - 2*g + 1943 = 2*f. List the prime factors of f.
3, 43
Let q = 25 + -41. Let r = -7 - q. Suppose 7*h - 8*h + r = 0. What are the prime factors of h?
3
Let c be 6/4*356/(-6). Let z = -8 - c. What are the prime factors of z?
3
Let b be (-3)/12 - ((-5869)/4 - 3). Suppose 0 = 4*o + 10*o - b. What are the prime factors of o?
3, 5, 7
Suppose 4*u + 3*p = 17, -u = -3*p - p + 10. List the prime factors of u/1 + -5 + 27.
2, 3
Suppose -k - 9 = -3*t, 3*k - 29 = -10*t + 5*t. Suppose 0 = -c - 4, -5*l - k*c - 2*c = -895. What are the prime factors of l?
3, 61
Let r(n) = 16*n**3 + 5*n**2 - 2*n - 6. List the prime factors of r(3).
3, 5, 31
Let a be 34/1 + (2 - 3). Let i be (-30)/(-45) + ((-326)/(-3))/2. Let j = i - a. List the prime factors of j.
2, 11
Let y = 307 - -202. List the prime factors of y.
509
What are the prime factors of (125/2)/((-75)/(-18) - 4)?
3, 5
Suppose 11*l - 3*l - 16 = 0. What are the prime factors of 593*l/14 - 10/(-35)?
5, 17
Let z(g) = 0*g**2 + 2*g**2 + 3 - 5*g**2 - 1 - g**3. Let h(c) = c - 3. Let n be h(0). What are the prime factors of z(n)?
2
Suppose 3*j - j = 5*r - 1268, 3*r + j - 752 = 0. List the prime factors of r.
2, 3, 7
Let y(j) = -j**2 + 27*j + 849. List the prime factors of y(0).
3, 283
Suppose 3*z - 6 = 9. Suppose 8 = -3*s + z*s. Suppose s*g - 83 = -15. What are the prime factors of g?
17
Let k(b) = -b - 5. Let s be k(5). List the prime factors of (-184)/s + (-6)/(-10).
19
Suppose 0 = -2*z + 3*f + 2515, 5*f - 3*f = 5*z - 6293. List the prime factors of z.
1259
Suppose -9 = 4*u - c, -2*u - 14 = 2*u - 2*c. List the prime factors of (u/((-3)/6))/(2/33).
3, 11
Let f = 66 + -40. Suppose 0 = -11*c + 10*c + f. Let h = c - -16. What are the prime factors of h?
2, 3, 7
Suppose 2*c + t = -3*c + 778, -2*c + 295 = -5*t. List the prime factors of c.
5, 31
Let r(z) = -9*z - 47. Let l be r(-7). List the prime factors of l*7*(-25)/(-10).
2, 5, 7
Let t be 7836/48 + 3/(-12). Suppose -5*g - 157 = -3*r, 0*r + 3*r + g = t. List the prime factors of r.
2, 3
Let a = 12 + -10. Suppose a*v - 47 = 163. List the prime factors of v.
3, 5, 7
Let r be 2 - 0 - (-6 + -2). Suppose 2*l - r = -4*m, 2*l + m = -0*m + 16. What are the prime factors of l?
3
Let p(g) = -1. Let t(q) = q**2 - 7*q - 11. Let z(v) = 2*p(v) - t(v). List the prime factors of z(6).
3, 5
Let a(i) be the first derivative of -i**4/4 + 2*i**3 + 2*i**2 - 4*i + 3. Let b = -9 + 15. What are the prime factors of a(b)?
2, 5
Let x(s) = s**3 - 19*s**2 + 15*s + 24. What are the prime factors of x(19)?
3, 103
Let j(o) = 2*o**2 - 16*o - 15. Let s be j(9). Suppose -y = -s*q + 56, 5*q + 8*y - 3*y - 100 = 0. List the prime factors of q.
19
Suppose 3*j + 2152 + 362 = 5*y, -5*y + 4*j = -2517. List the prime factors of y.
3, 167
Suppose -3*m + 168 = -3*a, 4*m + 298 = -5*a + 3*m. Let z = -39 - a. List the prime factors of z.
2, 5
Let w be (1/3*0)/(-4). Suppose -c = -w*c. Suppose c = -3*r + 2 + 121. List the prime factors of r.
41
Let z = -6 + 8. Suppose -11 - 11 = -z*l. Suppose -1 - l = -4*a, -5*a + 45 = 3*b. List the prime factors of b.
2, 5
Let b(h) = 3*h**3 + 3*h**2 - h - 41. Let w(t) = 4*t**3 + 4*t**2 - t - 40. Let j(p) = -5*b(p) + 4*w(p). What are the prime factors of j(0)?
3, 5
What are the prime factors of (109875/(-10))/(-25)*(1 + 1)?
3, 293
Let x(p) = p**3 + 5*p**2 - 7*p - 8. Let v be x(-6). What are the prime factors of (19 - 9) + (-2 - v)?
2, 5
Let m = 8 + -6. Suppose a + 2*b - 38 = -5, b + 76 = m*a. List the prime factors of a.
37
Let n(t) = -8*t + 8. Let p be n(-3). Suppose -q = 7 - p. What are the prime factors of q?
5
Let v(h) be the third derivative of -h**6/120 - 17*h**5/60 - h**4/8 + h**3 + 5*h**2. What are the prime factors of v(-17)?
3, 19
Suppose 4*q - 1206 = 2002. What are the prime factors of q?
2, 401
Let b = 5788 + -4030. What are the prime factors of b?
2, 3, 293
Suppose 0 = k + 2*k + 2*g - 1425, 0 = -2*g. Suppose 0 = 5*s + 5*a - k, -a = -5*s + s + 380. What are the prime factors of s?
5, 19
Let z = 253 - 201. What are the prime factors of z?
2, 13
Suppose -3*i + 161 = -28. Let w(m) = 4*m**3 - 11*m**2 + 2*m + 9. Let j be w(4). Let c = j - i. What are the prime factors of c?
2, 17
Let b(z) be the third derivative of -2*z**2 - 1/24*z**4 + 0 + 1/30*z**6 + 0*z + 0*z**3 + 1/60*z**5. List the prime factors of b(1).
2
Suppose -4*v + 62 = o, 2*o = -3*v + 2*v + 159. Let a = o + -46. What are the prime factors of a?
2, 3
Let v(a) be the third derivative of -a**6/20 - a**5/15 - a**4/6 - a**3/2 - 5*a**2. What are the prime factors of v(-2)?
37
Let d = 3993 - 1857. List the prime factors of d.
2, 3, 89
Let p = 6 - 0. List the prime factors of (-4 + 0 + -7)/((-1)/p).
2, 3, 11
Let s(v) = 5*v - 33. Let k(p) = 2*p - 8. Let b be k(9). List the prime factors of s(b).
17
Suppose 0 = -j, -n - 4*n + 480 = -5*j. Suppose 3*r - 9 = w, 6*w - 19 = w - r. Suppose b + w*b = n. List the prime factors of b.
2, 3
Let i(t) = 52*t**2 + 2*t + 5. List the prime factors of i(-2).
11, 19
Let h = 1123 - 724. What are the prime factors of h?
3, 7, 19
What are the prime factors of (-17)/170 - ((-48786)/20)/3?
3, 271
Let t = 91 + -89. Suppose -539 = -3*i - t*n, 5*i - 905 = -3*n + n. What are the prime factors of i?
3, 61
Suppose -33221 - 10897 = -38*c. What are the prime factors of c?
3, 43
Let x(k) be the third derivative of 0*k - 4*k**2 - 1/12*k**4 + 0 + 1/6*k**3. What are the prime factors of x(-5)?
11
Suppose 16680 = 3*b + 2*z, 234*z - 232*z - 22242 = -4*b. List the prime factor